{"id":210,"date":"2020-02-04T05:20:15","date_gmt":"2020-02-04T05:20:15","guid":{"rendered":"https:\/\/demosites.io\/architecture-gb\/?page_id=210"},"modified":"2023-09-19T21:49:32","modified_gmt":"2023-09-19T18:49:32","slug":"e866c-project-details","status":"publish","type":"page","link":"https:\/\/www.2umetalaluminyum.net\/index.php\/e866c-project-details\/","title":{"rendered":"Biz kimiz"},"content":{"rendered":"<div id=\"wp-block-themeisle-blocks-advanced-columns-05a9f139\" class=\"wp-block-themeisle-blocks-advanced-columns alignfull has-1-columns has-desktop-equal-layout has-tablet-equal-layout has-mobile-equal-layout has-vertical-center ticss-7c3b5c80\"><div class=\"wp-block-themeisle-blocks-advanced-columns-overlay\"><\/div><div class=\"wp-block-themeisle-blocks-advanced-columns-separators top\"><svg id=\"slant\" fill=\"var(--nv-light-bg)\" viewBox=\"0 0 100 100\" width=\"100%\" height=\"100\" preserveAspectRatio=\"none\" xmlns=\"http:\/\/www.w3.org\/2000\/svg\" class=\"\"><path d=\"M0 0 L100 100 L100 0 Z\"><\/path><\/svg><\/div><div class=\"innerblocks-wrap\"><div id=\"wp-block-themeisle-blocks-advanced-column-ab343fda\" class=\"wp-block-themeisle-blocks-advanced-column\"><h5 class=\"wp-block-heading\">2u metal al\u00fcminyum<\/h5>\n\n<p><strong>Sekt\u00f6rdeki uzun y\u0131llara dayanan tecr\u00fcbemizle, t\u00fcm al\u00fcminyum ihtiya\u00e7lar\u0131n\u0131z i\u00e7in kendimizi g\u00fcvenilir bir ortak olarak belirledik. M\u00fc\u015fteri memnuniyetine olan ba\u011fl\u0131l\u0131\u011f\u0131m\u0131zla, projeleri zaman\u0131nda ve b\u00fct\u00e7e dahilinde teslim etme yetene\u011fimiz ile gurur duyuyoruz.<\/strong><\/p>\n\n<div id=\"wp-block-themeisle-blocks-progress-bar-bae20053\" class=\"wp-block-themeisle-blocks-progress-bar ticss-0b8ade26 sm-label\" data-percent=\"100\" data-duration=\"3\"><div class=\"wp-block-themeisle-blocks-progress-bar__outer\"><div class=\"wp-block-themeisle-blocks-progress-bar__outer__value wp-block-themeisle-blocks-progress-bar__number\">100<\/div><\/div><div class=\"wp-block-themeisle-blocks-progress-bar__area\"><div class=\"wp-block-themeisle-blocks-progress-bar__area__title\"><span>Y\u00dcKSEK KAL\u0130TEL\u0130 \u00dcR\u00dcNLER<\/span><\/div><div class=\"wp-block-themeisle-blocks-progress-bar__area__bar\"><\/div><\/div><\/div>\n\n<div id=\"wp-block-themeisle-blocks-progress-bar-95a3bc78\" class=\"wp-block-themeisle-blocks-progress-bar ticss-95a3bc78 sm-label\" data-percent=\"100\" data-duration=\"3\"><div class=\"wp-block-themeisle-blocks-progress-bar__outer\"><div class=\"wp-block-themeisle-blocks-progress-bar__outer__value wp-block-themeisle-blocks-progress-bar__number\">100<\/div><\/div><div class=\"wp-block-themeisle-blocks-progress-bar__area\"><div class=\"wp-block-themeisle-blocks-progress-bar__area__title\"><span>\u00d6ZELLE\u015eT\u0130R\u0130LM\u0130\u015e \u00c7\u00d6Z\u00dcMLER<\/span><\/div><div class=\"wp-block-themeisle-blocks-progress-bar__area__bar\"><\/div><\/div><\/div>\n\n<div id=\"wp-block-themeisle-blocks-progress-bar-1b9aa440\" class=\"wp-block-themeisle-blocks-progress-bar ticss-cf6b61a8 sm-label\" data-percent=\"100\" data-duration=\"3\"><div class=\"wp-block-themeisle-blocks-progress-bar__outer\"><div class=\"wp-block-themeisle-blocks-progress-bar__outer__value wp-block-themeisle-blocks-progress-bar__number\">100<\/div><\/div><div class=\"wp-block-themeisle-blocks-progress-bar__area\"><div class=\"wp-block-themeisle-blocks-progress-bar__area__title\"><span>ZAMANINDA TESL\u0130MAT<\/span><\/div><div class=\"wp-block-themeisle-blocks-progress-bar__area__bar\"><\/div><\/div><\/div><\/div><\/div><\/div><section id=\"wp-block-themeisle-blocks-advanced-columns-e600557e\" class=\"wp-block-themeisle-blocks-advanced-columns alignfull has-1-columns has-desktop-equal-layout has-tablet-equal-layout has-mobile-equal-layout has-vertical-flex-start\"><div class=\"wp-block-themeisle-blocks-advanced-columns-overlay\"><\/div><div class=\"innerblocks-wrap\"><div id=\"wp-block-themeisle-blocks-advanced-column-8400a7b8\" class=\"wp-block-themeisle-blocks-advanced-column\"><section id=\"wp-block-themeisle-blocks-advanced-columns-5ab63bd5\" class=\"wp-block-themeisle-blocks-advanced-columns has-1-columns has-desktop-equal-layout has-tablet-equal-layout has-mobile-equal-layout has-vertical-flex-start\"><div class=\"wp-block-themeisle-blocks-advanced-columns-overlay\"><\/div><div class=\"innerblocks-wrap\"><div id=\"wp-block-themeisle-blocks-advanced-column-ecb49f6a\" class=\"wp-block-themeisle-blocks-advanced-column\"><h2 id=\"wp-block-themeisle-blocks-advanced-heading-27ac6163\" class=\"wp-block-themeisle-blocks-advanced-heading wp-block-themeisle-blocks-advanced-heading-27ac6163\">katk\u0131lar\u0131m\u0131z<\/h2><\/div><\/div><\/section>\n\n<section id=\"wp-block-themeisle-blocks-advanced-columns-588468fa\" class=\"wp-block-themeisle-blocks-advanced-columns has-3-columns has-desktop-equal-layout has-tablet-equal-layout has-mobile-collapsedRows-layout has-vertical-flex-start\"><div class=\"wp-block-themeisle-blocks-advanced-columns-overlay\"><\/div><div class=\"innerblocks-wrap\"><div id=\"wp-block-themeisle-blocks-advanced-column-86e1d44f\" class=\"wp-block-themeisle-blocks-advanced-column\"><div id=\"wp-block-themeisle-blocks-font-awesome-icons-b0b5d0b1\" class=\"wp-block-themeisle-blocks-font-awesome-icons\"><span class=\"wp-block-themeisle-blocks-font-awesome-icons-container\"><i class=\"fas fa-swatchbook\"><\/i><\/span><\/div>\n\n<h3 class=\"wp-block-heading has-text-align-center\">al\u00fcminyum temini<\/h3>\n\n<p class=\"has-text-align-center\">\u00c7ok \u00e7e\u015fitli uygulamalar i\u00e7in y\u00fcksek kaliteli al\u00fcminyum profiller sunuyoruz.<\/p><\/div>\n\n<div id=\"wp-block-themeisle-blocks-advanced-column-7b3e651b\" class=\"wp-block-themeisle-blocks-advanced-column\"><div id=\"wp-block-themeisle-blocks-font-awesome-icons-b9cf1988\" class=\"wp-block-themeisle-blocks-font-awesome-icons\"><span class=\"wp-block-themeisle-blocks-font-awesome-icons-container\"><i class=\"fas fa-clipboard-check\"><\/i><\/span><\/div>\n\n<h3 class=\"wp-block-heading has-text-align-center\">uygun b\u00fct\u00e7e<\/h3>\n\n<p class=\"has-text-align-center\">Rekabet\u00e7i fiyatlar ile uzun vadeli ortakl\u0131klar kurmay\u0131 planl\u0131yoruz.<\/p><\/div>\n\n<div id=\"wp-block-themeisle-blocks-advanced-column-c2f9c099\" class=\"wp-block-themeisle-blocks-advanced-column\"><div id=\"wp-block-themeisle-blocks-font-awesome-icons-fd1bf05c\" class=\"wp-block-themeisle-blocks-font-awesome-icons\"><span class=\"wp-block-themeisle-blocks-font-awesome-icons-container\"><i class=\"fas fa-truck-loading\"><\/i><\/span><\/div>\n\n<h3 class=\"wp-block-heading has-text-align-center\">H\u0131zl\u0131 teslimat<\/h3>\n\n<p class=\"has-text-align-center\">Zaman\u0131nda ve h\u0131zl\u0131 teslimat ile g\u00fcven sa\u011fl\u0131yoruz.<\/p><\/div><\/div><\/section><\/div><\/div><\/section><div class=\"wp-block-group alignfull\"><div class=\"wp-block-group__inner-container is-layout-constrained wp-block-group-is-layout-constrained\"><section id=\"wp-block-themeisle-blocks-advanced-columns-dab9e0bf\" class=\"wp-block-themeisle-blocks-advanced-columns alignfull has-1-columns has-desktop-equal-layout has-tablet-equal-layout has-mobile-equal-layout has-vertical-flex-start has-dark-bg ticss-0a441357\"><div class=\"wp-block-themeisle-blocks-advanced-columns-overlay\"><\/div><div class=\"wp-block-themeisle-blocks-advanced-columns-separators top\"><svg id=\"curve\" fill=\"var(--nv-light-bg)\" viewBox=\"0 0 100 100\" width=\"100%\" height=\"100\" preserveAspectRatio=\"none\" xmlns=\"http:\/\/www.w3.org\/2000\/svg\" class=\"rotate\"><path d=\"M0 100 C40 0 60 0 100 100 Z\"><\/path><\/svg><\/div><div class=\"innerblocks-wrap\"><div id=\"wp-block-themeisle-blocks-advanced-column-9df22226\" class=\"wp-block-themeisle-blocks-advanced-column\"><section id=\"wp-block-themeisle-blocks-advanced-columns-25c95699\" class=\"wp-block-themeisle-blocks-advanced-columns has-1-columns has-desktop-equal-layout has-tablet-equal-layout has-mobile-equal-layout has-vertical-flex-start\"><div class=\"wp-block-themeisle-blocks-advanced-columns-overlay\"><\/div><div class=\"innerblocks-wrap\"><div id=\"wp-block-themeisle-blocks-advanced-column-d4d9a4f8\" class=\"wp-block-themeisle-blocks-advanced-column\"><h2 id=\"wp-block-themeisle-blocks-advanced-heading-89d7d76a\" class=\"wp-block-themeisle-blocks-advanced-heading wp-block-themeisle-blocks-advanced-heading-89d7d76a\">\u00fcr\u00fcnlerimiz<\/h2><\/div><\/div><\/section><\/div><\/div><\/section><\/div><\/div><div id=\"wp-block-themeisle-blocks-slider-dd3e46a8\" class=\"wp-block-themeisle-blocks-slider glide animated fadeInUp delay-500ms slow ticss-dd3e46a8\" data-per-view=\"4\" data-gap=\"41\" data-peek=\"29\" data-autoplay=\"1000\" data-height=\"391px\" data-hide-arrows=\"true\"><div class=\"glide__track\" data-glide-el=\"track\"><div class=\"glide__slides\"><div class=\"wp-block-themeisle-blocks-slider-item-wrapper glide__slide\" tabindex=\"0\"><figure><img decoding=\"async\" class=\"wp-block-themeisle-blocks-slider-item\" src=\"https:\/\/www.2umetalaluminyum.net\/wp-content\/uploads\/2023\/08\/Adsiz-tasarim-18.jpg\" alt=\"\" title=\"\" data-id=\"504\"\/><figcaption><strong>Aldoks<\/strong><\/figcaption><\/figure><\/div><div class=\"wp-block-themeisle-blocks-slider-item-wrapper glide__slide\" tabindex=\"0\"><figure><img decoding=\"async\" class=\"wp-block-themeisle-blocks-slider-item\" src=\"https:\/\/www.2umetalaluminyum.net\/wp-content\/uploads\/2023\/08\/Adsiz-tasarim-23.jpg\" alt=\"\" title=\"\" data-id=\"509\"\/><figcaption><strong>Muhtelif<\/strong><\/figcaption><\/figure><\/div><div class=\"wp-block-themeisle-blocks-slider-item-wrapper glide__slide\" tabindex=\"0\"><figure><img decoding=\"async\" class=\"wp-block-themeisle-blocks-slider-item\" src=\"https:\/\/www.2umetalaluminyum.net\/wp-content\/uploads\/2023\/08\/Adsiz-tasarim-25.jpg\" alt=\"\" title=\"\" data-id=\"510\"\/><figcaption><strong>Perde Profilleri<\/strong><\/figcaption><\/figure><\/div><div class=\"wp-block-themeisle-blocks-slider-item-wrapper glide__slide\" tabindex=\"0\"><figure><img decoding=\"async\" class=\"wp-block-themeisle-blocks-slider-item\" src=\"https:\/\/www.2umetalaluminyum.net\/wp-content\/uploads\/2023\/08\/Adsiz-tasarim-4.jpg\" alt=\"\" title=\"\" data-id=\"505\"\/><figcaption><strong>Mobilya<\/strong><\/figcaption><\/figure><\/div><div class=\"wp-block-themeisle-blocks-slider-item-wrapper glide__slide\" tabindex=\"0\"><figure><img decoding=\"async\" class=\"wp-block-themeisle-blocks-slider-item\" src=\"https:\/\/www.2umetalaluminyum.net\/wp-content\/uploads\/2023\/08\/Adsiz-tasarim-17.jpg\" alt=\"\" title=\"\" data-id=\"503\"\/><\/figure><\/div><div class=\"wp-block-themeisle-blocks-slider-item-wrapper glide__slide\" tabindex=\"0\"><figure><img decoding=\"async\" class=\"wp-block-themeisle-blocks-slider-item\" src=\"https:\/\/www.2umetalaluminyum.net\/wp-content\/uploads\/2023\/08\/Adsiz-tasarim-16-1.jpg\" alt=\"\" title=\"\" data-id=\"502\"\/><\/figure><\/div><div class=\"wp-block-themeisle-blocks-slider-item-wrapper glide__slide\" tabindex=\"0\"><figure><img decoding=\"async\" class=\"wp-block-themeisle-blocks-slider-item\" src=\"https:\/\/www.2umetalaluminyum.net\/wp-content\/uploads\/2023\/08\/Adsiz-tasarim-15-1.jpg\" alt=\"\" title=\"\" data-id=\"501\"\/><\/figure><\/div><div class=\"wp-block-themeisle-blocks-slider-item-wrapper glide__slide\" tabindex=\"0\"><figure><img decoding=\"async\" class=\"wp-block-themeisle-blocks-slider-item\" src=\"https:\/\/www.2umetalaluminyum.net\/wp-content\/uploads\/2023\/08\/Adsiz-tasarim-24.jpg\" alt=\"\" title=\"\" data-id=\"513\"\/><\/figure><\/div><div class=\"wp-block-themeisle-blocks-slider-item-wrapper glide__slide\" tabindex=\"0\"><figure><img decoding=\"async\" class=\"wp-block-themeisle-blocks-slider-item\" src=\"https:\/\/www.2umetalaluminyum.net\/wp-content\/uploads\/2023\/08\/Adsiz-tasarim-26.jpg\" alt=\"\" title=\"\" data-id=\"514\"\/><\/figure><\/div><\/div><\/div><\/div><div id=\"wp-block-themeisle-blocks-advanced-columns-d2ac1ee8\" class=\"wp-block-themeisle-blocks-advanced-columns alignfull has-1-columns has-desktop-equal-layout has-tablet-equal-layout has-mobile-equal-layout has-vertical-center\"><div class=\"wp-block-themeisle-blocks-advanced-columns-overlay\"><\/div><div class=\"innerblocks-wrap\"><div id=\"wp-block-themeisle-blocks-advanced-column-924a4045\" class=\"wp-block-themeisle-blocks-advanced-column\"><div style=\"height:20px\" aria-hidden=\"true\" class=\"wp-block-spacer\"><\/div>\n\n<h6 id=\"wp-block-themeisle-blocks-advanced-heading-81f496a9\" class=\"wp-block-themeisle-blocks-advanced-heading wp-block-themeisle-blocks-advanced-heading-81f496a9\">premium \u00fcr\u00fcnlerimizle i\u015fletmenizi y\u00fckseltmek istemez misiniz?<\/h6>\n\n<h5 class=\"wp-block-heading has-text-align-center has-nv-dark-bg-color has-text-color\"><strong>kaliteli al\u00fcminyum profillerle projelerinizi geli\u015ftirmek i\u00e7in bize ula\u015f\u0131n<\/strong><\/h5>\n\n<div class=\"wp-block-buttons is-horizontal is-content-justification-center is-layout-flex wp-container-core-buttons-is-layout-499968f5 wp-block-buttons-is-layout-flex\"><div class=\"wp-block-button is-style-primary\"><a class=\"wp-block-button__link wp-element-button\" href=\"https:\/\/www.2umetalaluminyum.net\/index.php\/e866c-contact\/\">Bize Ula\u015f\u0131n<\/a><\/div><\/div><\/div><\/div><\/div>","protected":false},"excerpt":{"rendered":"","protected":false},"author":1,"featured_media":0,"parent":0,"menu_order":0,"comment_status":"closed","ping_status":"closed","template":"page-templates\/template-pagebuilder-full-width.php","meta":{"neve_meta_sidebar":"full-width","neve_meta_container":"","neve_meta_enable_content_width":"on","neve_meta_content_width":100,"neve_meta_title_alignment":"","neve_meta_author_avatar":"","neve_post_elements_order":"","neve_meta_disable_header":"","neve_meta_disable_footer":"","neve_meta_disable_title":"","_themeisle_gutenberg_block_has_review":false,"_ti_tpc_template_sync":false,"_ti_tpc_template_id":"ybndyh5pdhh36si3f8ed","footnotes":""},"class_list":["post-210","page","type-page","status-publish","hentry"],"_links":{"self":[{"href":"https:\/\/www.2umetalaluminyum.net\/index.php\/wp-json\/wp\/v2\/pages\/210","targetHints":{"allow":["GET"]}}],"collection":[{"href":"https:\/\/www.2umetalaluminyum.net\/index.php\/wp-json\/wp\/v2\/pages"}],"about":[{"href":"https:\/\/www.2umetalaluminyum.net\/index.php\/wp-json\/wp\/v2\/types\/page"}],"author":[{"embeddable":true,"href":"https:\/\/www.2umetalaluminyum.net\/index.php\/wp-json\/wp\/v2\/users\/1"}],"replies":[{"embeddable":true,"href":"https:\/\/www.2umetalaluminyum.net\/index.php\/wp-json\/wp\/v2\/comments?post=210"}],"version-history":[{"count":6,"href":"https:\/\/www.2umetalaluminyum.net\/index.php\/wp-json\/wp\/v2\/pages\/210\/revisions"}],"predecessor-version":[{"id":855,"href":"https:\/\/www.2umetalaluminyum.net\/index.php\/wp-json\/wp\/v2\/pages\/210\/revisions\/855"}],"wp:attachment":[{"href":"https:\/\/www.2umetalaluminyum.net\/index.php\/wp-json\/wp\/v2\/media?parent=210"}],"curies":[{"name":"wp","href":"https:\/\/api.w.org\/{rel}","templated":true}]}}